ue
Is 4248357389 prime?
False
Is 132614821 a prime number?
False
Is 419018429 composite?
False
Is 15643341853 a composite number?
False
Is 87972310781 prime?
True
Is 26251234433 a prime number?
True
Is 4776286111 prime?
False
Is 17000125963 a prime number?
True
Is 5072886061 prime?
False
Is 8314720289 a composite number?
True
Is 38877076439 a composite number?
True
Is 896629241 composite?
False
Is 11810191181 prime?
True
Is 9837194953 prime?
False
Is 57348709733 prime?
False
Is 8721078949 composite?
True
Is 81870567943 prime?
True
Is 13932595931 composite?
True
Is 235101008573 composite?
False
Is 14370403409 prime?
False
Is 424571087 a prime number?
True
Is 28099371361 a composite number?
True
Is 11817953657 a composite number?
False
Is 229771426421 a composite number?
False
Is 476273507 a composite number?
True
Is 260939677 a prime number?
False
Is 10945885619 composite?
False
Is 429288487 a composite number?
False
Is 674784431 prime?
False
Is 275559923 composite?
False
Is 9697804477 prime?
False
Is 1373931953 a prime number?
True
Is 29960428031 composite?
False
Is 6128409799 prime?
True
Is 20349883993 a composite number?
True
Is 193182211 a prime number?
False
Is 2256736813 a prime number?
False
Is 124570123 prime?
False
Is 417460337 prime?
False
Is 855702457 prime?
True
Is 4440409043 prime?
False
Is 2656217539 prime?
True
Is 470583839 a prime number?
False
Is 453510179 a composite number?
False
Is 10835616731 composite?
True
Is 1962273407 a composite number?
True
Is 55358818727 prime?
False
Is 1018111013 prime?
True
Is 15549921731 a composite number?
False
Is 2474671337 prime?
True
Is 23441335669 a prime number?
False
Is 38245980121 a prime number?
True
Is 229423057 a composite number?
False
Is 517854787 composite?
False
Is 168466819 composite?
True
Is 3071490389 a composite number?
True
Is 119119581343 prime?
False
Is 1714533889 composite?
True
Is 43237379 prime?
True
Is 4008452023 prime?
False
Is 8924856467 prime?
False
Is 73958867 a prime number?
True
Is 2389042043 a composite number?
False
Is 1790919031 composite?
True
Is 2013344563 composite?
False
Is 240233309309 composite?
True
Is 3992472479 a composite number?
True
Is 263647 prime?
True
Is 410365607 a composite number?
False
Is 7728624041 a prime number?
True
Is 511993213 a composite number?
True
Is 45765165289 a prime number?
True
Is 14320597253 composite?
True
Is 1274838343 a composite number?
False
Is 312056123 a composite number?
True
Is 419880191 a composite number?
False
Is 630099447 a composite number?
True
Is 4164387457 composite?
False
Is 119132370737 composite?
True
Is 1717231917 a composite number?
True
Is 22605162493 a composite number?
True
Is 16891031743 a prime number?
True
Is 330538423 a prime number?
True
Is 21080761043 a composite number?
False
Is 5928357359 composite?
False
Is 12158734493 a prime number?
False
Is 1547485273 a composite number?
True
Is 2088001967 composite?
False
Is 11758287323 a composite number?
False
Is 22148328359 prime?
True
Is 2295434563 prime?
True
Is 61346867 a prime number?
True
Is 1428199459 a composite number?
False
Is 7524272501 composite?
False
Is 53639281 a prime number?
True
Is 4221368071 a prime number?
True
Is 2925594161 composite?
True
Is 87137873 a prime number?
True
Is 1433917867 composite?
False
Is 3006251513 composite?
False
Is 2179317113 a composite number?
False
Is 115828501 a prime number?
True
Is 2246750683 prime?
True
Is 82489946417 a prime number?
False
Is 8924047999 a prime number?
True
Is 47717252801 a prime number?
False
Is 71719592099 composite?
True
Is 665499587 prime?
False
Is 239204353 composite?
False
Is 623147363 a composite number?
False
Is 4408622783 prime?
True
Is 2260402889 composite?
True
Is 537240701 a composite number?
True
Is 858265823 composite?
False
Is 184580423 a prime number?
True
Is 139553693 composite?
False
Is 24112643 prime?
True
Is 84778681443 composite?
True
Is 8489971559 composite?
False
Is 38219810347 prime?
False
Is 1865307247 prime?
True
Is 3099449021 composite?
True
Is 3372683933 a prime number?
True
Is 728630933 prime?
True
Is 50368289 a composite number?
False
Is 153475111 composite?
True
Is 816991067 a prime number?
True
Is 1205751097 composite?
False
Is 18514608883 composite?
False
Is 310941403 composite?
True
Is 2975982986 a prime number?
False
Is 347210953 composite?
True
Is 4076615837 prime?
False
Is 13606859831 prime?
True
Is 4773741983 a composite number?
True
Is 1353698539 composite?
True
Is 25288819729 a composite number?
True
Is 483367957 a composite number?
False
Is 2439274429 a composite number?
False
Is 6689004961 a prime number?
False
Is 405244303 a composite number?
False
Is 1000868699 a prime number?
True
Is 28976262023 prime?
False
Is 3820094263 a prime number?
True
Is 2161393177 composite?
True
Is 397266283 prime?
False
Is 7729602083 composite?
True
Is 196339067 a composite number?
False
Is 25117899799 composite?
True
Is 44083946359 composite?
True
Is 6788043799 prime?
False
Is 807879151 composite?
True
Is 34557622139 a composite number?
False
Is 17693192333 a composite number?
False
Is 31359458441 prime?
True
Is 10454879393 a composite number?
True
Is 626437517 composite?
True
Is 38816580799 composite?
True
Is 38563311049 prime?
True
Is 153255177097 a composite number?
True
Is 13066909981 a prime number?
True
Is 3169280563 composite?
True
Is 194748696971 a composite number?
True
Is 1198821401 a prime number?
False
Is 225467937781 a prime number?
True
Is 2054148191 composite?
False
Is 11007172037 composite?
True
Is 172808208829 composite?
False
Is 1014288874 a prime number?
False
Is 10725454171 a prime number?
True
Is 600388477 a composite number?
True
Is 2427461087 a prime number?
True
Is 22882232311 composite?
False
Is 6060563449 a composite number?
True
Is 520822157 a composite number?
True
Is 315455539 composite?
True
Is 135036169777 a composite number?
True
Is 1605740309 composite?
False
Is 11335271149 a composite number?
False
Is 26751428699 a prime number?
False
Is 23342372047 a prime number?
True
Is 6604995841 prime?
False
Is 329793587 a composite number?
True
Is 215498365 a composite number?
True
Is 6554680729 composite?
True
Is 6017032199 a composite number?
False
Is 9722551423 prime?
False
Is 27841145269 prime?
False
Is 2458944517 a composite number?
False
Is 357325649 composite?
False
Is 430172809 a prime number?
False
Is 11309904731 prime?
True
Is 46569217 prime?
False
Is 5682741187 a composite number?
True
Is 80537939 a prime number?
False
Is 25180670819 a prime number?
False
Is 133555219 a composite number?
True
Is 9071036537 a prime number?
False
Is 877309577 composite?
True
Is 176153569 prime?
False
Is 553259731 composite?
False
Is 8211431213 prime?
True
Is 320560631 prime?
False
Is 209023393637 a composite number?
False
Is 27598076371 a prime number?
False
Is 31164017 a composite number?
False
Is 9737149403 a prime number?
True
Is 5010023237 a prime number?
True
Is 465960877 a composite number?
True
Is 16028835247 a composite number?
False
Is 1919735849 prime?
True
Is 1538284189 a prime number?
False
Is 1271845219 a prime number?
True
Is 9394914271 prime?
False
Is 910334519 prime?
False
Is 11516210911 a composite number?
True
Is 3031353867 a prime number?
False
Is 382435751 composite?
False
Is 76363182101 a composite number?
False
Is 42257119799 prime?
True
Is 2389715009 prime?
False
Is 31065140857 a prime number?
True
Is 48571168813 composite?
True
Is 8221949767 a prime number?
False
Is 2277927479 a prime number?
True
Is 121313641 prime?
False
Is 1040725547 composite?
False
Is 2920234321 prime?
True
Is 36274291 a prime number?
True
Is 6653297309 composite?
True
Is 8614844209 a composite number?
False
Is 1151479369 prime?
True
Is 21541841 prime?
True
Is 263021881 prime?
False
Is 6758951999 prime?
False
Is 117151679 composite?
True
Is 4311483601 a prime number?
True
Is 2046006181 a composite number?
False
Is 28597698671 a composite number?
False
Is 8215303693 a composite number?
False
Is 8127942649 prime?
True
Is 29806025537 prime?
False
Is 681685757 prime?
True
Is 22736438773 composite?
False
Is 7042125353 a prime number?
True
Is 22586686043 prime?
False
Is 1177810957 composite?
True
Is 8125541167 prime?
False
Is 3247601491 prime?
True
Is 3183222